{"id":158,"date":"2019-02-03T17:50:17","date_gmt":"2019-02-03T17:50:17","guid":{"rendered":"http:\/\/piwstrzelce.pl\/?page_id=158"},"modified":"2019-07-04T08:38:13","modified_gmt":"2019-07-04T07:38:13","slug":"zdrowie-i-ochrona-zwierzat","status":"publish","type":"page","link":"http:\/\/piwstrzelce.pl\/?page_id=158","title":{"rendered":"Zdrowie i ochrona zwierz\u0105t"},"content":{"rendered":"<p>13-03-2018<\/p>\n<p>W zwi\u0105zku z realnym zagro\u017ceniem wyst\u0105pienia kolejnych ognisk AFRYKA\u0143SKIEGO POMORU \u015aWI\u0143 (ASF) w kraju G\u0142\u00f3wny Lekarz Weterynarii przypomina o konieczno\u015bci bezwzgl\u0119dnego przestrzegania ZASAD BIOASEKURACJI w gospodarstwach utrzymuj\u0105cych \u015bwinie.<\/p>\n<p style=\"text-align: right;\"><a href=\"http:\/\/piwstrzelce.pl\/wp-content\/uploads\/13032018.pdf\"><em>czytaj ca\u0142o\u015b\u0107<\/em><\/a><\/p>\n<hr \/>\n<p>28-02-2018<\/p>\n<p>Informacje na temat zabezpieczenia gospodarstw przed wirusem ASF na terytorium Polski wynikaj\u0105cego z rozporz\u0105dzenia Ministra Rolnictwa i Rozwoju Wsi z dnia 6 maja 2015 r. w sprawie \u015brodk\u00f3w podejmowanych w zwi\u0105zku z wyst\u0105pieniem afryka\u0144skiego pomoru \u015bwi\u0144, zmienionym rozporz\u0105dzeniem MRiRW z dnia 9 lutego 2018 r. (Dz. U. z 2018 r. poz. 360).<\/p>\n<p style=\"text-align: right;\"><a href=\"http:\/\/piwstrzelce.pl\/wp-content\/uploads\/28022018.pdf\"><em>czytaj ca\u0142o\u015b\u0107<\/em><\/a><\/p>\n<hr \/>\n<p>14-02-2018<\/p>\n<p>ROZPORZ\u0104DZENIE MINISTRA ROLNICTWA I ROZWOJU WSI z dnia 9 lutego 2018 r. zmieniaj\u0105ce rozporz\u0105dzenie w sprawie \u015brodk\u00f3w podejmowanych w zwi\u0105zku z wyst\u0105pieniem afryka\u0144skiego pomoru \u015bwi\u0144.<\/p>\n<p style=\"text-align: right;\"><a href=\"http:\/\/piwstrzelce.pl\/wp-content\/uploads\/14022018-1.pdf\"><em>czytaj ca\u0142o\u015b\u0107<\/em><\/a><\/p>\n<hr \/>\n<p>24-01-2018<\/p>\n<p>Powiatowy Lekarz Weterynarii przekazuje komunikat G\u0142\u00f3wnego Lekarza Weterynarii dotycz\u0105cy stosowania antybiotyk\u00f3w u zwierz\u0105t.<\/p>\n<p style=\"text-align: right;\"><a href=\"http:\/\/piwstrzelce.pl\/wp-content\/uploads\/24012018-1.pdf\"><em>czytaj ca\u0142o\u015b\u0107<\/em><\/a><\/p>\n<hr \/>\n<p style=\"text-align: right;\">\n","protected":false},"excerpt":{"rendered":"<p>13-03-2018 W zwi\u0105zku z realnym zagro\u017ceniem wyst\u0105pienia kolejnych ognisk AFRYKA\u0143SKIEGO POMORU \u015aWI\u0143 (ASF) w kraju G\u0142\u00f3wny Lekarz Weterynarii przypomina o konieczno\u015bci bezwzgl\u0119dnego przestrzegania ZASAD BIOASEKURACJI w gospodarstwach utrzymuj\u0105cych \u015bwinie. czytaj ca\u0142o\u015b\u0107 28-02-2018 Informacje na temat zabezpieczenia gospodarstw przed wirusem ASF na terytorium Polski wynikaj\u0105cego z rozporz\u0105dzenia Ministra Rolnictwa i Rozwoju Wsi z dnia 6 maja [&hellip;]<\/p>\n","protected":false},"author":1,"featured_media":0,"parent":186,"menu_order":0,"comment_status":"closed","ping_status":"closed","template":"","meta":{"footnotes":""},"class_list":["post-158","page","type-page","status-publish","hentry"],"_links":{"self":[{"href":"http:\/\/piwstrzelce.pl\/index.php?rest_route=\/wp\/v2\/pages\/158"}],"collection":[{"href":"http:\/\/piwstrzelce.pl\/index.php?rest_route=\/wp\/v2\/pages"}],"about":[{"href":"http:\/\/piwstrzelce.pl\/index.php?rest_route=\/wp\/v2\/types\/page"}],"author":[{"embeddable":true,"href":"http:\/\/piwstrzelce.pl\/index.php?rest_route=\/wp\/v2\/users\/1"}],"replies":[{"embeddable":true,"href":"http:\/\/piwstrzelce.pl\/index.php?rest_route=%2Fwp%2Fv2%2Fcomments&post=158"}],"version-history":[{"count":10,"href":"http:\/\/piwstrzelce.pl\/index.php?rest_route=\/wp\/v2\/pages\/158\/revisions"}],"predecessor-version":[{"id":331,"href":"http:\/\/piwstrzelce.pl\/index.php?rest_route=\/wp\/v2\/pages\/158\/revisions\/331"}],"up":[{"embeddable":true,"href":"http:\/\/piwstrzelce.pl\/index.php?rest_route=\/wp\/v2\/pages\/186"}],"wp:attachment":[{"href":"http:\/\/piwstrzelce.pl\/index.php?rest_route=%2Fwp%2Fv2%2Fmedia&parent=158"}],"curies":[{"name":"wp","href":"https:\/\/api.w.org\/{rel}","templated":true}]}}