{"id":310,"date":"2019-01-04T08:01:01","date_gmt":"2019-01-04T07:01:01","guid":{"rendered":"http:\/\/piwstrzelce.pl\/?page_id=310"},"modified":"2022-05-19T08:01:41","modified_gmt":"2022-05-19T07:01:41","slug":"urzedowe-badanie-miesa","status":"publish","type":"page","link":"http:\/\/piwstrzelce.pl\/?page_id=310","title":{"rendered":"Urz\u0119dowe badanie mi\u0119sa"},"content":{"rendered":"<p>Wykaz lekarz weterynarii upowa\u017cnionych do urz\u0119dowego badania zwierz\u0105t rze\u017anych i mi\u0119sa na terenie powiatu strzelecko-drezdeneckiego :<\/p>\n<p><strong>Miejscowo\u015b\u0107<\/strong> &#8211;\u00a0DREZDENKO<\/p>\n<p><strong>Nazwa<\/strong> &#8211;\u00a0\u00a0Gabinet Weterynaryjny<\/p>\n<p><strong>Adres\/ nr tel<\/strong>. &#8211;\u00a0Pi\u0142sudskiego 35, tel. 95 76 21 066<\/p>\n<p><strong>Kierownik<\/strong> &#8211;\u00a0lek. wet.\u00a0\u00a0Marcin Mohylak<\/p>\n<p><strong>Godziny pracy<\/strong> &#8211;\u00a0pon.- pt. 8.00-17.00, Sobota 9.00-13.00, Niedziela i \u015bwi\u0119ta Dy\u017cur telefoniczny<\/p>\n<p><strong>Badanie mi\u0119sa w dniach<\/strong> &#8211; poniedzia\u0142ek &#8211; pi\u0105tek<\/p>\n<p><strong>Metoda badania mi\u0119sa<\/strong> &#8211;\u00a0metoda wytrawiania<\/p>\n<p><strong>Obszar dzia\u0142ania<\/strong> -powiat strzelecko-drezdenecki<\/p>\n<p>&nbsp;<\/p>\n<p>&nbsp;<\/p>\n<p>&nbsp;<\/p>\n<p>&nbsp;<\/p>\n<p>&nbsp;<\/p>\n","protected":false},"excerpt":{"rendered":"<p>Wykaz lekarz weterynarii upowa\u017cnionych do urz\u0119dowego badania zwierz\u0105t rze\u017anych i mi\u0119sa na terenie powiatu strzelecko-drezdeneckiego : Miejscowo\u015b\u0107 &#8211;\u00a0DREZDENKO Nazwa &#8211;\u00a0\u00a0Gabinet Weterynaryjny Adres\/ nr tel. &#8211;\u00a0Pi\u0142sudskiego 35, tel. 95 76 21 066 Kierownik &#8211;\u00a0lek. wet.\u00a0\u00a0Marcin Mohylak Godziny pracy &#8211;\u00a0pon.- pt. 8.00-17.00, Sobota 9.00-13.00, Niedziela i \u015bwi\u0119ta Dy\u017cur telefoniczny Badanie mi\u0119sa w dniach &#8211; poniedzia\u0142ek &#8211; pi\u0105tek [&hellip;]<\/p>\n","protected":false},"author":1,"featured_media":0,"parent":0,"menu_order":0,"comment_status":"closed","ping_status":"closed","template":"","meta":{"footnotes":""},"class_list":["post-310","page","type-page","status-publish","hentry"],"_links":{"self":[{"href":"http:\/\/piwstrzelce.pl\/index.php?rest_route=\/wp\/v2\/pages\/310"}],"collection":[{"href":"http:\/\/piwstrzelce.pl\/index.php?rest_route=\/wp\/v2\/pages"}],"about":[{"href":"http:\/\/piwstrzelce.pl\/index.php?rest_route=\/wp\/v2\/types\/page"}],"author":[{"embeddable":true,"href":"http:\/\/piwstrzelce.pl\/index.php?rest_route=\/wp\/v2\/users\/1"}],"replies":[{"embeddable":true,"href":"http:\/\/piwstrzelce.pl\/index.php?rest_route=%2Fwp%2Fv2%2Fcomments&post=310"}],"version-history":[{"count":11,"href":"http:\/\/piwstrzelce.pl\/index.php?rest_route=\/wp\/v2\/pages\/310\/revisions"}],"predecessor-version":[{"id":605,"href":"http:\/\/piwstrzelce.pl\/index.php?rest_route=\/wp\/v2\/pages\/310\/revisions\/605"}],"wp:attachment":[{"href":"http:\/\/piwstrzelce.pl\/index.php?rest_route=%2Fwp%2Fv2%2Fmedia&parent=310"}],"curies":[{"name":"wp","href":"https:\/\/api.w.org\/{rel}","templated":true}]}}